e 14
1d072
What is 1328802 (base 14) in base 12?
3119202
What is -95484 (base 14) in base 11?
-226824
-82409 (base 11) to base 9
-202887
Convert -1148733 (base 11) to base 5.
-1003041312
127b56 (base 12) to base 4
1022032302
What is -c31e84 (base 16) in base 11?
-7244348
What is 3042a (base 12) in base 11?
43218
What is 513a0 (base 12) in base 5?
11342320
What is -1011001011110101000 (base 2) in base 13?
-caa88
What is -e9d11 (base 15) in base 7?
-6210313
What is -5e032 (base 15) in base 12?
-125a32
Convert 4403a (base 16) to base 12.
115276
Convert 4232203 (base 5) to base 13.
26390
-2b9682 (base 14) to base 12
-616096
What is -4be578 (base 15) in base 9?
-6762055
Convert 32340 (base 9) to base 6.
243100
-14232642 (base 7) to base 10
-1335966
What is -22122214 (base 5) in base 15?
-3be24
4d88a (base 15) to base 7
2052631
What is 153047 (base 9) in base 2?
10110111110000100
Convert 40997 (base 13) to base 3.
12212222012
What is 10122211201 (base 3) in base 2?
10001100101110111
-432022240 (base 5) to base 3
-10102221212111
Convert -10101111101000110101011 (base 2) to base 3.
-101211101210112
Convert 16df6c (base 16) to base 13.
40639a
Convert 143361 (base 13) to base 6.
14321030
1213422 (base 5) to base 8
54713
Convert 12221112020 (base 3) to base 7.
665115
14887350 (base 10) to base 12
4b9b446
624 (base 10) to base 11
518
Convert 4061503 (base 9) to base 11.
124a604
What is -648022 (base 12) in base 9?
-2882688
-30767531 (base 8) to base 9
-13282001
Convert -121212312 (base 4) to base 3.
-12022212200
What is 100002120212201 (base 3) in base 12?
175149a
What is 17547633 (base 8) in base 9?
7663544
Convert 1100201130 (base 4) to base 8.
1204134
Convert 141032034 (base 5) to base 9.
1317783
What is 112412223 (base 5) in base 12?
209166
aad79c (base 15) to base 16
7c4abd
Convert 4287926 (base 12) to base 7.
212163441
What is 32332201 (base 5) in base 9?
462183
38d706 (base 15) to base 5
1144303311
What is 1460011 (base 7) in base 11?
126804
Convert 13304032 (base 5) to base 10.
134892
What is -290d72 (base 15) in base 9?
-3643438
What is 130a5 (base 13) in base 14?
cc07
What is 25455 (base 7) in base 12?
3aa9
What is -813381 (base 13) in base 6?
-144233100
Convert 11234004211 (base 5) to base 11.
7250999
Convert 61746 (base 9) to base 16.
9f00
-9c152 (base 16) to base 3
-1012110222022
Convert -178247 (base 14) to base 2.
-11001010011011010111
-27756603 (base 8) to base 6
-342354123
-2059e (base 16) to base 13
-48411
Convert aa7b2 (base 13) to base 9.
520661
Convert 3005125 (base 6) to base 13.
4c2bc
2122110010 (base 3) to base 4
30231312
Convert 301320202 (base 4) to base 8.
617042
Convert 66318 (base 9) to base 3.
2020100122
Convert 7471315 (base 8) to base 16.
1e72cd
What is -145255 (base 7) in base 6?
-334504
-11212022100 (base 3) to base 2
-10111010111101100
-130088 (base 12) to base 8
-1137550
Convert -237521 (base 15) to base 4.
-12131322232
What is 3303734 (base 9) in base 13?
4a1772
1000001101011101010 (base 2) to base 5
32102114
Convert 31014040 (base 5) to base 16.
3d509
What is -112012303021 (base 4) in base 8?
-26066311
Convert -122020100000 (base 3) to base 6.
-11134300
Convert 3102203303 (base 4) to base 16.
d28f3
114076 (base 13) to base 5
101034424
19191 (base 13) to base 5
3023441
What is 2518a7 (base 11) in base 14?
a4d2b
Convert 2a7605 (base 11) to base 7.
4032135
-1ab527 (base 12) to base 5
-110212301
What is 5145135 (base 7) in base 13?
18777c
Convert 1303120133 (base 4) to base 12.
1a95bb
Convert 250411542 (base 6) to base 9.
10013018
What is -22310010230 (base 4) in base 9?
-5300462
260078 (base 10) to base 2
111111011111101110
What is -144442 (base 5) in base 16?
-1867
Convert 5237553 (base 9) to base 12.
b30826
Convert -1307542 (base 9) to base 15.
-e18de
What is 3225435 (base 7) in base 10?
393300
Convert -1274604 (base 9) to base 15.
-dc117
Convert -1211001022101 (base 3) to base 10.
-965422
-220201112120010 (base 3) to base 14
-1a60487
Convert -2000002211020 (base 3) to base 7.
-12023532
Convert -1001010011000001010 (base 2) to base 15.
-60400
Convert 20144222 (base 5) to base 14.
432a9
Convert 941932 (base 13) to base 15.
48512a
-345505434 (base 6) to base 8
-30422376
Convert -113000210002 (base 4) to base 11.
-344a70a
What is 1c560c (base 15) in base 7?
14526141
What is 222201022020110 (base 3) in base 5?
12113304244
What is -203030213 (base 5) in base 10?
-830058
-1a6e90 (base 15) to base 7
-13646325
-1202786 (base 9) to base 12
-275136
Convert -e0481 (base 15) to base 7.
-6014206
-1223223220 (base 4) to base 12
-1932b4
What is -2311321301 (base 4) in base 5?
-142320243
1730c (base 14) to base 7
331515
What is 100011101110011010101 (base 2) in base 6?
41031353
Convert 17338 (base 16) to base 12.
46bb4
531234 (base 6) to base 5
2334303
What is 31131132 (base 5) in base 6?
5245155
-1566 (base 10) to base 3
-2011000
Convert 324731 (base 8) to base 7.
632556
Convert -180044 (base 9) to base 3.
-12200001111
Convert -6bc6b1 (base 13) to base 16.
-2734eb
-2b1500 (base 12) to base 11
-458128
What is 4820888 (base 11) in base 10?
8404998
Convert 4a047 (base 12) to base 6.
2052131
What is 1000001110000011 (base 2) in base 7?
200104
-63672a (base 14) to base 15
-465896
374723 (base 8) to base 10
129491
What is 1a665c (base 16) in base 4?
12212121130
What is -548903 (base 11) in base 10?
-875559
Convert -461204 (base 8) to base 2.
-100110001010000100
What is 112002011020 (base 3) in base 7?
2232654
What is -32734 (base 9) in base 5?
-1143424
Convert -5135649 (base 11) to base 14.
-12c1685
What is -1114014 (base 7) in base 9?
-230560
Convert 2111453 (base 6) to base 5.
11242102
Convert 2234558 (base 12) to base 7.
106404500
Convert 10112211010101 (base 3) to base 13.
5105b0
1110110010101111 (base 2) to base 9
102103
Convert -25155356 (base 7) to base 13.
-614573
Convert 1307093 (base 10) to base 12.
530505
Convert -1101100100100110 (base 2) to base 10.
-55590
Convert 194140 (base 10) to base 5.
22203030
92a17 (base 13) to base 14
6bc89
Convert 632711 (base 8) to base 6.
4301545
Convert -201112002212 (base 3) to base 10.
-384260
Convert -37034645 (base 8) to base 2.
-11111000011100110100101
Convert -2526160 (base 7) to base 13.
-b568a
What is 320546 (base 12) in base 4?
3000210012
-2310133122 (base 4) to base 14
-1535c6
What is 1146926 (base 11) in base 15?
297a1e
What is 7a0ac (base 14) in base 8?
1103070
Convert 418902 (base 15) to base 4.
23321001200
What is e5efb (base 16) in base 14?
1a732b
10001202000212 (base 3) to base 4
12031213001
What is -6167412 (base 8) in base 9?
-3060450
What is 4400a0 (base 11) in base 5?
134443003
What is 140376 (base 13) in base 12?
1b53b9
Convert -3034342 (base 5) to base 15.
-e94c
What is -24140 (base 14) in base 4?
-111133330
What is -20515 (base 7) in base 15?
-1774
What is -110202211010011 (base 3) in base 13?
-1538329
-10211000000 (base 3) to base 14
-1d515
What is 25e6 (base 15) in base 6?
101243
What is -61401732 (base 8) in base 2?
-110001100000001111011010
What is 375e6 (base 16) in base 3?
102112002122
What is -101000000000111001000 (base 2) in base 8?
-5000710
What is 27a02 (base 11) in base 13?
15175
-100001011000000011000 (base 2) to base 3
-2001120012210
-6607c (base 13) to base 14
-4b415
11000100100110011011101 (base 2) to base 13
1447373
Convert 12213313130 (base 4) to base 11.
a86444
What is 300543503 (base 6) in base 9?
10507523
What is -12111001 (base 3) in base 13?
-1a86
-10b4a (base 16) to base 13
-251b7
Convert -61082a (base 12) to base 9.
-2758057
Convert 523364 (base 8) to base 10.
173812
Convert -102111102211 (base 3) to base 9.
-374384
-84889 (base 12) to base 7
-1323312
1303325 (base 7) to base 13
5c075
What is -2122120112201 (base 3) in base 11?
-882520
What is -1124402 (base 5) in base 6?
-235214
256573 (base 8) to base 11
61244
432872 (base 9) to base 3
111002222102
3328565 (base 9) to base 4
12311032220
1035d (base 16) to base 2
10000001101011101
Convert 16397451 (base 10) to base 9.
33762060
-5233523 (base 6) to base 12
-1028a3
Convert 53627457 (base 8) to base 14.
174bdcb
What is 1486996 (base 11) in base 6?
130252505
3222232302 (base 4) to base 9
1724776
-113124531 (base 6) to base 11
-1211a97
What is -333550552 (base 6) in base 9?
-12362455
What is 37294 (